Let z = c - -381. List the prime factors of z.
163
Let l be (-1)/((-2)/(-7)*4/(-8)). Suppose 0 = -2*g + 3*s + 24, l*g + 5*s - 85 = 2*g. Suppose u - g = 24. List the prime factors of u.
3, 13
Let p = 13766 - 7599. List the prime factors of p.
7, 881
Let y(x) = 22599*x - 1444. What are the prime factors of y(3)?
7, 9479
Suppose 5*b = -3*d + 5844, 0 = 6*b - 2*b. Suppose -4*g = -8*g + d. List the prime factors of g.
487
Let g(s) = 3*s**3 + 11*s**2 - s - 12. Let f be g(-3). Let u(x) = 8*x - x**2 + x - 9 + 2*x. What are the prime factors of u(f)?
3
Let g be (51/(-6) - -9) + (-1)/2. Suppose -4*r + 4*x + 4096 = g, 5*r + 2*x = -0*r + 5106. What are the prime factors of r?
2, 7, 73
Suppose -3 = -3*d + 3, -3*d + 36922 = 4*x. List the prime factors of x.
11, 839
Let n(s) = 53*s - 5. Let m = 54 + -38. Let h be 28/m - 2/(-8). List the prime factors of n(h).
101
Let v(z) = -1968*z + 587. List the prime factors of v(-2).
4523
Suppose 139014 = 84*s - 75*s. List the prime factors of s.
2, 7723
Let h(f) = -f**3 - 23*f**2 - 21*f + 25. Suppose -5*x + 21 = 131. Let c be h(x). Suppose 0 = 10*s - 7*s - c*o - 75, -5 = -5*o. List the prime factors of s.
2, 13
Suppose -3*n = u + 2*n - 86, -5*n = -4*u + 244. Let y be 3/(-3) + 4/(8/u). Suppose 6*z - y = 4. What are the prime factors of z?
2, 3
Let s(k) = -k**3 + k**2 + 54*k + 46. Let a be s(0). Suppose w - 5*x - 10 = 0, 0*w - 5*w + 2 = -x. Suppose w = f - 110 + a. List the prime factors of f.
2
Let t = 112 - 73. Let p be 15*66/(-9)*-1. Let g = p - t. List the prime factors of g.
71
Suppose -6*t + 4*t - 696 = 0. Let b = t + 631. What are the prime factors of b?
283
Let i(u) = 24*u**2 + 12*u - 5. Let h be 1/(-5 - ((-22)/10 + -3)). List the prime factors of i(h).
5, 131
Let n = -73 - -111. Let a(q) = q**2 - 6*q - 1. Let i be a(6). Let l = i + n. What are the prime factors of l?
37
Let z(o) = -3*o + 1. Let x(h) = 8*h + 13. Let m(a) = -x(a) + 5*z(a). List the prime factors of m(-2).
2, 19
Let n(u) = -5*u**3 + 299*u**2 + 53*u + 99. What are the prime factors of n(59)?
2, 5, 7
Let c(t) be the first derivative of -t**3/3 + 3*t**2 + 6*t - 11. Let i be c(-5). Let f = i - -128. List the prime factors of f.
79
Let z(n) = n**2 - 37*n + 668. What are the prime factors of z(75)?
2, 1759
Suppose 5*z = -4*h + 86, -2*h + 0*h = 5*z - 78. Let w = z - 12. Suppose w*n - 6 = -2*g, g - 2*n = -n + 13. List the prime factors of g.
2
Let t = -8289 - -23610. What are the prime factors of t?
3, 5107
Let x be (-16)/56*-14*(-4)/(-8). Suppose -x*m = -2 - 2, -2*m - 2208 = -4*b. List the prime factors of b.
7, 79
Let h = 10 - -51. Let a = h + 281. List the prime factors of a.
2, 3, 19
Let b = -5 + 6. Suppose -k = -n + 15, -2*k + 7*n - 11*n = 0. What are the prime factors of 8/k*b*-35?
2, 7
Let b = -23548 + 28964. What are the prime factors of b?
2, 677
Suppose 14239 - 82034 = -13*p. List the prime factors of p.
5, 7, 149
Suppose -4*r + 30211 = x, -4*r + 8*r = -36. List the prime factors of x.
7, 29, 149
Let n be -22*1*(10 - 44). Suppose -2*y - n = -4*z, 3*z + 3*y - 957 = -2*z. What are the prime factors of z?
3, 7
Suppose -2648 = -24*v + 16*v. Let c = v - -54. List the prime factors of c.
5, 7, 11
Let u(o) = 2*o**2 + o - 29. Let a(d) = 3*d**2 - 30. Let x(t) = 4*t**2 - 3*t + 2. Let g be x(1). Let f(j) = g*a(j) - 4*u(j). List the prime factors of f(13).
11, 13
What are the prime factors of (10/(-35) - (-30)/56)/(101/1308152)?
2, 1619
Suppose -33 = 46*n - 355. List the prime factors of (-28)/2 + n + 78.
71
Suppose 12*s - 568 = 16*s. Let l = s - -572. List the prime factors of l.
2, 5, 43
Let o = 76 + -69. Suppose o*f = -6*f + 3406. What are the prime factors of f?
2, 131
Let v(p) = 2*p + 27. Let k(w) = -w**3 + 3*w**2 + 8*w - 2. Let h be k(5). Let u be v(h). List the prime factors of 20/15*u*19.
2, 19
Suppose z - 53795 = -5*g, 7*z - 9*z + 32284 = 3*g. List the prime factors of g.
2, 3, 11, 163
Let u be (66/12)/((-1)/(-6)). Let k = -33 + u. Suppose 6*t - 288 = -k*t. List the prime factors of t.
2, 3
Let d(u) = -u**3 - 2*u**2 - 4*u + 6. Let z be d(-4). Let l = z - 57. List the prime factors of l/(0 - 1) + 8.
11
Suppose 64*m - 66*m - 5*l + 158673 = 0, 4*m = 4*l + 317388. What are the prime factors of m?
2, 3, 19, 29
Let j be (2/(-12)*4)/(4/(-162)). Let v be j/4*40/5. Let n = 159 - v. List the prime factors of n.
3, 5, 7
Let m = 642 + -418. What are the prime factors of m/28 + 1217 + -2?
1223
Let s(z) = z**3 - 29*z**2 - 35*z - 17. Let k = 382 + -351. What are the prime factors of s(k)?
2, 5, 41
What are the prime factors of (555/(-675) - 3/(-5)) + 102017/9?
5, 2267
Suppose -13*x = -16*x - 1989. Let m = x - -1346. List the prime factors of m.
683
Let l = -7622 - -19523. What are the prime factors of l?
3, 3967
Let z(m) = -m**3 + 8*m**2 + 4*m - 8. Suppose -4*g - 78 = -2*d, 6*g + 3*d = 3*g - 45. Let k = g - -26. List the prime factors of z(k).
2, 3
Let v = 1282 - 727. Suppose v = 3*h + 2*h. Let w = -64 + h. What are the prime factors of w?
47
Let r(m) = 104*m - 310. List the prime factors of r(38).
2, 3, 607
Let l be 1/3 + (-50)/(-12)*172. Let p = l - 427. List the prime factors of p.
2, 5, 29
What are the prime factors of 1/((2/(-4))/(10221/(-2) + -1))?
10223
Let s = 25148 - -1330. List the prime factors of s.
2, 3, 1471
Let k(g) = 5*g**2 + 9*g - 15. Let y(w) = w**2 + 2*w - 3. Let m(p) = -2*k(p) + 11*y(p). Let u be m(-6). What are the prime factors of 6/u + 4/(12/169)?
3, 19
Let b(x) = -x**3 + 3*x**2 - 2*x. Let j be b(2). Suppose j*q - 2*q + 756 = 0. List the prime factors of q.
2, 3, 7
Suppose 6 = 5*w - v, -3*v - 10 = w - 6*v. Let m(p) = 3*p + 0*p - 4 - 4*p - 4 + 32*p**w. List the prime factors of m(-2).
2, 61
Suppose 11*m - 21 = -10. Let g(r) = 413*r**3 - 2*r**2 - r + 3. What are the prime factors of g(m)?
7, 59
Let l(r) = 13*r - 36. Let d be l(9). Let a = d - -160. What are the prime factors of a?
241
Let t be (2 - -599) + (-6)/2. Let h be 1/(-2) - (-6)/((-24)/t). List the prime factors of 3*3/18*(6 - h).
2, 3, 13
List the prime factors of 19632/15 + 6*(-4)/30.
2, 3, 109
Let b(s) be the third derivative of 43*s**5/60 - 5*s**3/6 + 618*s**2. Suppose 4*q + 12 = 4. What are the prime factors of b(q)?
167
Suppose -42*x + 211101 - 6813 = 0. List the prime factors of x.
2, 19
What are the prime factors of (11520 - 0) + 3/((-18)/(-4))*-3?
2, 13, 443
Let x(l) be the third derivative of 7*l**5/60 - 23*l**4/24 + 47*l**3/6 + 95*l**2 + l. List the prime factors of x(12).
19, 41
List the prime factors of (-3812)/(-5)*60/24.
2, 953
Let u = -108 + 192. Let l = 88 - u. Suppose 0*z = l*z - 4, 4*z - 214 = -a. List the prime factors of a.
2, 3, 5, 7
Suppose 33*h = -10*h + 86. Suppose w - h*i = 893, -3*w - 3*i = i - 2639. List the prime factors of w.
3, 5, 59
Let i be (2 - (4 + -1))*-55. Let n = 59 - i. Suppose -5*g + 184 + 52 = 3*s, 3*s + n*g - 238 = 0. What are the prime factors of s?
2, 41
Let i = -55706 - -80450. List the prime factors of i.
2, 3, 1031
Let w = -6782 + 19328. List the prime factors of w.
2, 3, 17, 41
Let s be (13 - 14) + 4 + 1. List the prime factors of (6/5)/(s*3/1640).
2, 41
Let s = 3157 - 5354. Let j = -1337 - s. List the prime factors of j.
2, 5, 43
Suppose -4*r + 439 = 415, -r + 17932 = 2*p. What are the prime factors of p?
8963
Let b(s) = -6*s**2 + 177*s + 14. Suppose -3*m + 2*u + 56 = 0, -5*m - 4*u + 93 = -15. List the prime factors of b(m).
2, 577
Let q be (3 - -3)/(-3)*(-45)/18. Suppose 2*g - 2079 = -u - 15, -q*g + u = -5174. List the prime factors of g.
2, 11, 47
Let d = 17906 - 9415. What are the prime factors of d?
7, 1213
Let z be 2*(-40 + 2)*119/34. Let s = 673 + z. List the prime factors of s.
11, 37
Suppose 2*q - n - 12 = -0, -4 = -2*q - n. Suppose -13 = -q*j - i, 4*j = -3*i - 3 + 10. List the prime factors of (4 - -2)/24 - (-579)/j.
5, 29
Suppose -2*x - b = -1, -3*x + x - 2*b + 4 = 0. List the prime factors of x*((-869 - 0) + -5).
2, 19, 23
Suppose -6*n + 23*n = -17187. Let g = -483 - n. What are the prime factors of g?
2, 3, 11
Suppose 26*v = 53*v - 60534. Let f = -826 + v. What are the prime factors of f?
2, 3, 59
Let l be (-970)/(-50) + (-24)/(-40). List the prime factors of ((-4)/(l/(-5)) - 1) + 795.
3, 5, 53
Suppose -86*a + 14115 = 89*a - 172*a. What are the prime factors of a?
5, 941
Let n = -8117 + 8463. What are the prime factors of 